{"id":81,"date":"2020-06-19T14:40:51","date_gmt":"2020-06-19T14:40:51","guid":{"rendered":"http:\/\/uat.p-itsys.com\/?post_type=product&#038;p=81"},"modified":"2021-09-02T09:18:22","modified_gmt":"2021-09-02T09:18:22","slug":"oelbild-weisse-blumen-100-x-70-cm","status":"publish","type":"product","link":"https:\/\/paintyourwishes.com\/index.php\/produkt\/oelbild-weisse-blumen-100-x-70-cm\/","title":{"rendered":"\u00d6lbild Wei\u00dfe Blumen Gr\u00f6\u00dfe 100 x 70 cm"},"content":{"rendered":"<p>Sch\u00f6nes stilvolles \u00d6lbild, handgemalt. Ohne Keilrahmen\/Rahmen\u00a0Versand erfolgt in Versandrolle<\/p>\n","protected":false},"excerpt":{"rendered":"<p>Modernes \u00d6lgem\u00e4lde in der Gr\u00f6\u00dfe 70 x 100 cm &#8211; Flowers black and white. \u00d6lgem\u00e4lde handgemalt in \u00d6l auf Leinwand ohne Keilrahmen. Versand ist <strong>kostenlos<\/strong> und erfolgt in Versandrolle<\/p>\n","protected":false},"featured_media":82,"comment_status":"closed","ping_status":"closed","template":"","meta":[],"product_brand":[],"product_cat":[36],"product_tag":[],"class_list":{"0":"post-81","1":"product","2":"type-product","3":"status-publish","4":"has-post-thumbnail","6":"product_cat-outlet","8":"first","9":"instock","10":"sale","11":"taxable","12":"shipping-taxable","13":"purchasable","14":"product-type-simple"},"yoast_head":"<!-- This site is optimized with the Yoast SEO plugin v27.5 - https:\/\/yoast.com\/product\/yoast-seo-wordpress\/ -->\n<title>\u00d6lbild Wei\u00dfe Blumen Gr\u00f6\u00dfe 100 x 70 cm - Paintyourwishes - \u00d6lbild auf Leinwand<\/title>\n<meta name=\"robots\" content=\"index, follow, max-snippet:-1, max-image-preview:large, max-video-preview:-1\" \/>\n<link rel=\"canonical\" href=\"https:\/\/paintyourwishes.com\/index.php\/produkt\/oelbild-weisse-blumen-100-x-70-cm\/\" \/>\n<meta property=\"og:locale\" content=\"de_DE\" \/>\n<meta property=\"og:type\" content=\"article\" \/>\n<meta property=\"og:title\" content=\"\u00d6lbild Wei\u00dfe Blumen Gr\u00f6\u00dfe 100 x 70 cm - Paintyourwishes - \u00d6lbild auf Leinwand\" \/>\n<meta property=\"og:description\" content=\"Modernes \u00d6lgem\u00e4lde in der Gr\u00f6\u00dfe 70 x 100 cm - Flowers black and white. \u00d6lgem\u00e4lde handgemalt in \u00d6l auf Leinwand ohne Keilrahmen. Versand ist kostenlos und erfolgt in Versandrolle\" \/>\n<meta property=\"og:url\" content=\"https:\/\/paintyourwishes.com\/index.php\/produkt\/oelbild-weisse-blumen-100-x-70-cm\/\" \/>\n<meta property=\"og:site_name\" content=\"Paintyourwishes - \u00d6lbild auf Leinwand\" \/>\n<meta property=\"article:modified_time\" content=\"2021-09-02T09:18:22+00:00\" \/>\n<meta property=\"og:image\" content=\"https:\/\/paintyourwishes.com\/wp-content\/uploads\/2020\/06\/100x70cm.jpg\" \/>\n\t<meta property=\"og:image:width\" content=\"1024\" \/>\n\t<meta property=\"og:image:height\" content=\"728\" \/>\n\t<meta property=\"og:image:type\" content=\"image\/jpeg\" \/>\n<meta name=\"twitter:card\" content=\"summary_large_image\" \/>\n<meta name=\"twitter:label1\" content=\"Gesch\u00e4tzte Lesezeit\" \/>\n\t<meta name=\"twitter:data1\" content=\"1\u00a0Minute\" \/>\n<script type=\"application\/ld+json\" class=\"yoast-schema-graph\">{\"@context\":\"https:\\\/\\\/schema.org\",\"@graph\":[{\"@type\":\"WebPage\",\"@id\":\"https:\\\/\\\/paintyourwishes.com\\\/index.php\\\/produkt\\\/oelbild-weisse-blumen-100-x-70-cm\\\/\",\"url\":\"https:\\\/\\\/paintyourwishes.com\\\/index.php\\\/produkt\\\/oelbild-weisse-blumen-100-x-70-cm\\\/\",\"name\":\"\u00d6lbild Wei\u00dfe Blumen Gr\u00f6\u00dfe 100 x 70 cm - Paintyourwishes - \u00d6lbild auf Leinwand\",\"isPartOf\":{\"@id\":\"https:\\\/\\\/paintyourwishes.com\\\/#website\"},\"primaryImageOfPage\":{\"@id\":\"https:\\\/\\\/paintyourwishes.com\\\/index.php\\\/produkt\\\/oelbild-weisse-blumen-100-x-70-cm\\\/#primaryimage\"},\"image\":{\"@id\":\"https:\\\/\\\/paintyourwishes.com\\\/index.php\\\/produkt\\\/oelbild-weisse-blumen-100-x-70-cm\\\/#primaryimage\"},\"thumbnailUrl\":\"https:\\\/\\\/paintyourwishes.com\\\/wp-content\\\/uploads\\\/2020\\\/06\\\/100x70cm.jpg\",\"datePublished\":\"2020-06-19T14:40:51+00:00\",\"dateModified\":\"2021-09-02T09:18:22+00:00\",\"breadcrumb\":{\"@id\":\"https:\\\/\\\/paintyourwishes.com\\\/index.php\\\/produkt\\\/oelbild-weisse-blumen-100-x-70-cm\\\/#breadcrumb\"},\"inLanguage\":\"de\",\"potentialAction\":[{\"@type\":\"ReadAction\",\"target\":[\"https:\\\/\\\/paintyourwishes.com\\\/index.php\\\/produkt\\\/oelbild-weisse-blumen-100-x-70-cm\\\/\"]}]},{\"@type\":\"ImageObject\",\"inLanguage\":\"de\",\"@id\":\"https:\\\/\\\/paintyourwishes.com\\\/index.php\\\/produkt\\\/oelbild-weisse-blumen-100-x-70-cm\\\/#primaryimage\",\"url\":\"https:\\\/\\\/paintyourwishes.com\\\/wp-content\\\/uploads\\\/2020\\\/06\\\/100x70cm.jpg\",\"contentUrl\":\"https:\\\/\\\/paintyourwishes.com\\\/wp-content\\\/uploads\\\/2020\\\/06\\\/100x70cm.jpg\",\"width\":1024,\"height\":728},{\"@type\":\"BreadcrumbList\",\"@id\":\"https:\\\/\\\/paintyourwishes.com\\\/index.php\\\/produkt\\\/oelbild-weisse-blumen-100-x-70-cm\\\/#breadcrumb\",\"itemListElement\":[{\"@type\":\"ListItem\",\"position\":1,\"name\":\"Startseite\",\"item\":\"https:\\\/\\\/paintyourwishes.com\\\/\"},{\"@type\":\"ListItem\",\"position\":2,\"name\":\"OUTLET\",\"item\":\"https:\\\/\\\/paintyourwishes.com\\\/index.php\\\/shop\\\/\"},{\"@type\":\"ListItem\",\"position\":3,\"name\":\"\u00d6lbild Wei\u00dfe Blumen Gr\u00f6\u00dfe 100 x 70 cm\"}]},{\"@type\":\"WebSite\",\"@id\":\"https:\\\/\\\/paintyourwishes.com\\\/#website\",\"url\":\"https:\\\/\\\/paintyourwishes.com\\\/\",\"name\":\"Paintyourwishes - \u00d6lbild auf Leinwand\",\"description\":\"\",\"publisher\":{\"@id\":\"https:\\\/\\\/paintyourwishes.com\\\/#organization\"},\"potentialAction\":[{\"@type\":\"SearchAction\",\"target\":{\"@type\":\"EntryPoint\",\"urlTemplate\":\"https:\\\/\\\/paintyourwishes.com\\\/?s={search_term_string}\"},\"query-input\":{\"@type\":\"PropertyValueSpecification\",\"valueRequired\":true,\"valueName\":\"search_term_string\"}}],\"inLanguage\":\"de\"},{\"@type\":\"Organization\",\"@id\":\"https:\\\/\\\/paintyourwishes.com\\\/#organization\",\"name\":\"Paintyourwishes - \u00d6lbild auf Leinwand\",\"url\":\"https:\\\/\\\/paintyourwishes.com\\\/\",\"logo\":{\"@type\":\"ImageObject\",\"inLanguage\":\"de\",\"@id\":\"https:\\\/\\\/paintyourwishes.com\\\/#\\\/schema\\\/logo\\\/image\\\/\",\"url\":\"https:\\\/\\\/paintyourwishes.com\\\/wp-content\\\/uploads\\\/2020\\\/05\\\/cropped-Logo-com.png\",\"contentUrl\":\"https:\\\/\\\/paintyourwishes.com\\\/wp-content\\\/uploads\\\/2020\\\/05\\\/cropped-Logo-com.png\",\"width\":2303,\"height\":378,\"caption\":\"Paintyourwishes - \u00d6lbild auf Leinwand\"},\"image\":{\"@id\":\"https:\\\/\\\/paintyourwishes.com\\\/#\\\/schema\\\/logo\\\/image\\\/\"}}]}<\/script>\n<!-- \/ Yoast SEO plugin. -->","yoast_head_json":{"title":"\u00d6lbild Wei\u00dfe Blumen Gr\u00f6\u00dfe 100 x 70 cm - Paintyourwishes - \u00d6lbild auf Leinwand","robots":{"index":"index","follow":"follow","max-snippet":"max-snippet:-1","max-image-preview":"max-image-preview:large","max-video-preview":"max-video-preview:-1"},"canonical":"https:\/\/paintyourwishes.com\/index.php\/produkt\/oelbild-weisse-blumen-100-x-70-cm\/","og_locale":"de_DE","og_type":"article","og_title":"\u00d6lbild Wei\u00dfe Blumen Gr\u00f6\u00dfe 100 x 70 cm - Paintyourwishes - \u00d6lbild auf Leinwand","og_description":"Modernes \u00d6lgem\u00e4lde in der Gr\u00f6\u00dfe 70 x 100 cm - Flowers black and white. \u00d6lgem\u00e4lde handgemalt in \u00d6l auf Leinwand ohne Keilrahmen. Versand ist kostenlos und erfolgt in Versandrolle","og_url":"https:\/\/paintyourwishes.com\/index.php\/produkt\/oelbild-weisse-blumen-100-x-70-cm\/","og_site_name":"Paintyourwishes - \u00d6lbild auf Leinwand","article_modified_time":"2021-09-02T09:18:22+00:00","og_image":[{"width":1024,"height":728,"url":"https:\/\/paintyourwishes.com\/wp-content\/uploads\/2020\/06\/100x70cm.jpg","type":"image\/jpeg"}],"twitter_card":"summary_large_image","twitter_misc":{"Gesch\u00e4tzte Lesezeit":"1\u00a0Minute"},"schema":{"@context":"https:\/\/schema.org","@graph":[{"@type":"WebPage","@id":"https:\/\/paintyourwishes.com\/index.php\/produkt\/oelbild-weisse-blumen-100-x-70-cm\/","url":"https:\/\/paintyourwishes.com\/index.php\/produkt\/oelbild-weisse-blumen-100-x-70-cm\/","name":"\u00d6lbild Wei\u00dfe Blumen Gr\u00f6\u00dfe 100 x 70 cm - Paintyourwishes - \u00d6lbild auf Leinwand","isPartOf":{"@id":"https:\/\/paintyourwishes.com\/#website"},"primaryImageOfPage":{"@id":"https:\/\/paintyourwishes.com\/index.php\/produkt\/oelbild-weisse-blumen-100-x-70-cm\/#primaryimage"},"image":{"@id":"https:\/\/paintyourwishes.com\/index.php\/produkt\/oelbild-weisse-blumen-100-x-70-cm\/#primaryimage"},"thumbnailUrl":"https:\/\/paintyourwishes.com\/wp-content\/uploads\/2020\/06\/100x70cm.jpg","datePublished":"2020-06-19T14:40:51+00:00","dateModified":"2021-09-02T09:18:22+00:00","breadcrumb":{"@id":"https:\/\/paintyourwishes.com\/index.php\/produkt\/oelbild-weisse-blumen-100-x-70-cm\/#breadcrumb"},"inLanguage":"de","potentialAction":[{"@type":"ReadAction","target":["https:\/\/paintyourwishes.com\/index.php\/produkt\/oelbild-weisse-blumen-100-x-70-cm\/"]}]},{"@type":"ImageObject","inLanguage":"de","@id":"https:\/\/paintyourwishes.com\/index.php\/produkt\/oelbild-weisse-blumen-100-x-70-cm\/#primaryimage","url":"https:\/\/paintyourwishes.com\/wp-content\/uploads\/2020\/06\/100x70cm.jpg","contentUrl":"https:\/\/paintyourwishes.com\/wp-content\/uploads\/2020\/06\/100x70cm.jpg","width":1024,"height":728},{"@type":"BreadcrumbList","@id":"https:\/\/paintyourwishes.com\/index.php\/produkt\/oelbild-weisse-blumen-100-x-70-cm\/#breadcrumb","itemListElement":[{"@type":"ListItem","position":1,"name":"Startseite","item":"https:\/\/paintyourwishes.com\/"},{"@type":"ListItem","position":2,"name":"OUTLET","item":"https:\/\/paintyourwishes.com\/index.php\/shop\/"},{"@type":"ListItem","position":3,"name":"\u00d6lbild Wei\u00dfe Blumen Gr\u00f6\u00dfe 100 x 70 cm"}]},{"@type":"WebSite","@id":"https:\/\/paintyourwishes.com\/#website","url":"https:\/\/paintyourwishes.com\/","name":"Paintyourwishes - \u00d6lbild auf Leinwand","description":"","publisher":{"@id":"https:\/\/paintyourwishes.com\/#organization"},"potentialAction":[{"@type":"SearchAction","target":{"@type":"EntryPoint","urlTemplate":"https:\/\/paintyourwishes.com\/?s={search_term_string}"},"query-input":{"@type":"PropertyValueSpecification","valueRequired":true,"valueName":"search_term_string"}}],"inLanguage":"de"},{"@type":"Organization","@id":"https:\/\/paintyourwishes.com\/#organization","name":"Paintyourwishes - \u00d6lbild auf Leinwand","url":"https:\/\/paintyourwishes.com\/","logo":{"@type":"ImageObject","inLanguage":"de","@id":"https:\/\/paintyourwishes.com\/#\/schema\/logo\/image\/","url":"https:\/\/paintyourwishes.com\/wp-content\/uploads\/2020\/05\/cropped-Logo-com.png","contentUrl":"https:\/\/paintyourwishes.com\/wp-content\/uploads\/2020\/05\/cropped-Logo-com.png","width":2303,"height":378,"caption":"Paintyourwishes - \u00d6lbild auf Leinwand"},"image":{"@id":"https:\/\/paintyourwishes.com\/#\/schema\/logo\/image\/"}}]}},"_links":{"self":[{"href":"https:\/\/paintyourwishes.com\/index.php\/wp-json\/wp\/v2\/product\/81","targetHints":{"allow":["GET"]}}],"collection":[{"href":"https:\/\/paintyourwishes.com\/index.php\/wp-json\/wp\/v2\/product"}],"about":[{"href":"https:\/\/paintyourwishes.com\/index.php\/wp-json\/wp\/v2\/types\/product"}],"replies":[{"embeddable":true,"href":"https:\/\/paintyourwishes.com\/index.php\/wp-json\/wp\/v2\/comments?post=81"}],"wp:featuredmedia":[{"embeddable":true,"href":"https:\/\/paintyourwishes.com\/index.php\/wp-json\/wp\/v2\/media\/82"}],"wp:attachment":[{"href":"https:\/\/paintyourwishes.com\/index.php\/wp-json\/wp\/v2\/media?parent=81"}],"wp:term":[{"taxonomy":"product_brand","embeddable":true,"href":"https:\/\/paintyourwishes.com\/index.php\/wp-json\/wp\/v2\/product_brand?post=81"},{"taxonomy":"product_cat","embeddable":true,"href":"https:\/\/paintyourwishes.com\/index.php\/wp-json\/wp\/v2\/product_cat?post=81"},{"taxonomy":"product_tag","embeddable":true,"href":"https:\/\/paintyourwishes.com\/index.php\/wp-json\/wp\/v2\/product_tag?post=81"}],"curies":[{"name":"wp","href":"https:\/\/api.w.org\/{rel}","templated":true}]}}